o = -3107. Calculate the remainder when b is divided by 19.
18
Suppose 50 = 16*x - 4686. What is the remainder when x is divided by ((-2)/(-4) + 2)*20?
46
Suppose 0 = w - 41 - 54. Suppose 3*y - w = 3*s - 5*s, 5*y - 141 = s. What is the remainder when y is divided by 15?
14
Suppose -3*m = 3*g - 6*g + 6, -g - 7 = 2*m. Let t be (7/((-21)/(-114)))/g. Let f = -25 - t. What is the remainder when 76 is divided by f?
11
Suppose -38*n + 35*n - 2*k + 1814 = 0, -5*n = 5*k - 3015. What is the remainder when n is divided by 323?
285
Suppose -309*q + 310*q + 4 = 0, d - 27 = 4*q. Calculate the remainder when 22 is divided by d.
0
Suppose -1856*v + 1866*v = 1260. What is the remainder when v is divided by 69?
57
Let w(b) = -7*b**3 + 49*b**2 + 14*b + 2. What is the remainder when 472 is divided by w(7)?
72
Let s be 7/(-21) + (-1252)/(-12). Suppose -7*x + s = 2*d - 5*x, 0 = -4*d - 2*x + 198. Calculate the remainder when 1501 is divided by d.
44
Suppose -229 + 7582 = -19*j. Let y = j + 400. What is the remainder when 38 is divided by y?
12
Suppose 0*p - 9 = -d - p, 2*p + 18 = 4*d. Let r be (14/d - 1)/(4/42). Suppose r + 10 = 4*o. Calculate the remainder when 29 is divided by o.
5
Let z = -191 + 196. Suppose -20*g = -19*g - 2*l - 54, -z*l - 164 = -3*g. What is the remainder when g is divided by 23?
12
Suppose 14 + 18 = 8*k. Suppose -3*r + k + 11 = 0. Suppose -203 = -3*j - r*a, -5*a + 211 + 63 = 4*j. Calculate the remainder when j is divided by 16.
7
Suppose -1000 = 2*s - 7*s. Let w = s - 189. Calculate the remainder when 14 is divided by w.
3
Let k(j) = 3*j - 12. Let p be k(5). Suppose 0*i + 120 = -p*i. Let r = i + 55. What is the remainder when 25 is divided by r?
10
Suppose 2*d - 165 = 5*d. Suppose 9*m = -68*m - 2310. Let p = m - d. What is the remainder when 48 is divided by p?
23
Let r(b) = -11*b**2 + 5*b + 2. Let a be r(2). Let u = 42 + a. What is the remainder when 77 is divided by u?
7
Let c(k) = -k**3 + 14*k**2 + 19*k - 42. Calculate the remainder when 717 is divided by c(15).
15
Suppose 0 = 3*y + 3*r - 111, 4*r = 3*y + 9*r - 113. Let v(u) = u**3 + 28*u**2 + 36. Calculate the remainder when v(-28) is divided by y.
0
Calculate the remainder when 40 is divided by 104/(-78) - (-22)/3.
4
Suppose 4*x = 4*j - 712, 914 = 5*j - 36*x + 39*x. Calculate the remainder when j is divided by 125.
56
Let h = 871 + -794. What is the remainder when h is divided by 34?
9
Suppose -1164*a + 1131*a + 1815 = 0. Suppose -4*i + 28 = 4. Suppose 0 = -i*v + 5*v + 14. What is the remainder when a is divided by v?
13
Let u(f) = -f**2 - 70*f - 373. Let y be u(-6). Suppose 9 - 126 = -3*q. Suppose 2*r + y = q. Calculate the remainder when 68 is divided by r.
12
Suppose 223*o - 33 = -3*t + 219*o, -o = t - 13. Let q = -36 + -26. Let z = 133 + q. Calculate the remainder when z is divided by t.
14
Let o be ((-1)/(-2))/((-1)/88). Let t(j) = -57*j**3 - 2*j - 2. Let y be t(-1). Let a = o + y. What is the remainder when 36 is divided by a?
10
Let u(q) = 33*q - 1. Let s be u(1). Let a be 368 + 12/14*(-196)/(-42). Suppose a = s*d - 28*d. What is the remainder when d is divided by 16?
13
Suppose 0 - 3 = y, -5*y - 25 = -p. Let c be (1 - -1) + -8 + 309. Let s = 306 - c. What is the remainder when p is divided by s?
1
Let c be ((-2)/(-2))/(0 - (-1)/(-218)). Let h = -75 - c. Suppose s = -2*n + 27, 4*s + 0*n + n = h. What is the remainder when s is divided by 21?
16
What is the remainder when -6 + (-29300)/(-80) - (-3)/(-12) is divided by 326?
34
Let i(h) = -9*h**3 - h**2 - h. Let x be i(-1). Suppose -2*u - 2 = 2*k, -4*u + 2 = k + x. What is the remainder when k/(-2) + 38/4 is divided by 6?
3
Let w = 56 + -51. Suppose w = l + 4. Calculate the remainder when 53 is divided by (l*14)/(1 + 5)*6.
11
Let r(k) = -138*k**2 + 4240*k + 35. Calculate the remainder when r(30) is divided by 79.
33
Let z(g) = -186*g + 756. Calculate the remainder when 4580 is divided by z(4).
8
Suppose 3688*c = 3690*c - 56. Suppose 0 = -t, t + 3*t = -3*v + 291. What is the remainder when v is divided by c?
13
Suppose 145*b + 27 = 154*b, 0 = 5*g + 5*b - 380. What is the remainder when 285 - ((-1)/1 - 0) is divided by g?
67
Suppose 7*c - 146 = 400. Let o = c + -40. Suppose g - o = s, -5*g = -2*s - 138 - 55. What is the remainder when g is divided by 11?
6
Suppose -11 - 13 = -6*o. Suppose 3*n - 2*i = 110, -o*i + 30 = n - 3*i. Suppose 5*k - 36 = 2*k. Calculate the remainder when n is divided by k.
10
Suppose 3*q = -4*c + 396, 5*q - 586 = c + 28. What is the remainder when 736 is divided by q?
116
Let g = -5 - -8. Let k = -39 + 41. Calculate the remainder when 3/k*(-6 - -8) is divided by g.
0
Let u = -582 + 984. Suppose 13*p - u = 7*p. Calculate the remainder when p is divided by 18.
13
Let z(r) = 9*r**3 - 73*r**2 - 88*r - 17. What is the remainder when z(10) is divided by 111?
26
Let u(l) = l**2 - 15*l - 75. Let t be u(-5). Calculate the remainder when 0 + 0 + (t - (8 + 1)) is divided by 11.
5
Suppose 230 = 2*j + 11*v - 7*v, 0 = 3*j + v - 320. Let d = -83 + j. Calculate the remainder when 128 is divided by d.
18
Suppose -360*l + 1422 = -173*l - 178*l. What is the remainder when l is divided by 15?
8
Suppose -4*d + 433 = 3*t, 87*d - 88*d - 533 = -4*t. What is the remainder when 938 is divided by t?
128
Let b be ((-248)/32 + 4)/(3/(-64)). Let o = b + -39. Calculate the remainder when 73 is divided by o.
32
Suppose -94*z + 184*z - 48*z - 39858 = 0. What is the remainder when z is divided by 50?
49
Let b(g) = g**3 - 88*g**2 + 170*g + 193. What is the remainder when 45 is divided by b(86)?
3
Let y = -376 + 697. Calculate the remainder when y is divided by 108.
105
Suppose -4*l + 540 = 4*h, 9*h - 6*h - l = 381. Calculate the remainder when 340 is divided by h.
82
Let n be 4/5 + (-390)/(-75). Suppose 8 = 2*b, -3*b - n + 66 = 3*i. What is the remainder when 62 is divided by i?
14
Let p be -3 - 237/2*20/(-6). Suppose -5*k + 20 = 0, 0 = -g + 3*g - 5*k - p. What is the remainder when g is divided by 13?
11
Suppose 20*x = 3041 + 179. What is the remainder when 2574 is divided by x?
159
Suppose 0 = 11*x + 159 - 247. Suppose -138 = 3*p - 5*p. Let b = 115 - p. Calculate the remainder when b is divided by x.
6
Suppose -31 = -x - 3*v, 14*x - 16*x - 9*v = -71. Let n(t) = 13*t**2 + 3*t + 2. What is the remainder when n(3) is divided by x?
18
Suppose -69*n = -97*n + 1232. What is the remainder when 145 is divided by n?
13
Let o(d) = -d**3 + 3*d**2 + 2*d - 2. Let b be o(3). Suppose 3*t + b*s = -2*t + 37, -3*t + 4*s + 35 = 0. Calculate the remainder when 88 is divided by t.
7
What is the remainder when 32079/222 - (1 - 6/4) is divided by 59?
27
Let a = -334 + 336. Suppose 5*l = 3*p + 82, -a*l - 74 = -7*l + p. Suppose -5*r + 8 + 82 = 0. Calculate the remainder when r is divided by l.
4
Suppose 5 = -5*f - 0*f. Suppose 89*g - 88*g = 2*u - 36, -4*g - 3*u - 177 = 0. Calculate the remainder when 53 is divided by (-4)/(-12)*f*g.
11
Suppose -5*u + 3*c - 835 = -2*c, 0 = 2*u - c + 333. Let x = -118 - u. Let d = -143 - -168. Calculate the remainder when x is divided by d.
23
Suppose 0 = 4*v - 4207 - 329. Suppose 25*j - v = -29*j. What is the remainder when 76 is divided by j?
13
Let m(j) = 16*j**2 - 2*j - 1. Let n be ((-1)/(-2))/((-108)/1512). Let d = 11 + n. Calculate the remainder when m(-1) is divided by d.
1
Suppose 287*u - 8065 - 6859 = 0. Calculate the remainder when u is divided by -6*(7/(-2) + -2).
19
Suppose 86 = -5*y + 4*r + 1, -4*r - 68 = 4*y. Let k = 1 - y. Calculate the remainder when (-845)/(-8) + ((-3780)/(-224))/45 is divided by k.
16
Let m = 106 + -32. Let w = 14539 - 14395. Calculate the remainder when w is divided by m.
70
Let m be 226/(-4) + 3/(-2). Let o = -55 - m. Suppose h - o*h + 118 = 0. Calculate the remainder when h is divided by 21.
17
Suppose j - 49 + 5 = 0. Suppose j = 6*u - 10. What is the remainder when 52 is divided by u?
7
Suppose -6*x + 1027 = 991. Let l(y) = y**3 - 8*y**2 + 10*y + 17. What is the remainder when 123 is divided by l(x)?
3
Let m = -588 - -1097. Calculate the remainder when m is divided by 184.
141
Let f = -158 - -236. What is the remainder when 699 is divided by f?
75
Let r = 60 - 10. Suppose 4*f + 9*f = 52. Suppose -f*b = -30 - r. Calculate the remainder when 58 is divided by b.
18
Suppose 114*i - 42306 - 1128 = 0.